 -62*u = -a*u + 15. Let m(o) = u*b(o) - 3*k(o). Give m(0).
3
Let j be (1978/(-1288) - 10/(-8)) + (-23)/(-7). Let v(w) = -3*w**2 + 8*w - 2. Calculate v(j).
-5
Let l(n) = -n**2 + 4*n + 7. Let s be l(5). Let p(g) = -1 - 4 - s*g + 2 + 1. Suppose 22*m = 18*m - 4*r - 48, r + 2 = m. Calculate p(m).
8
Let f(c) = -5*c - 87. Let i = -18621 + 18605. Calculate f(i).
-7
Let o = 321 - 318. Suppose -o*s + 8 = -6*d + 2*d, 3*d + 27 = -3*s. Let h(u) be the third derivative of u**5/60 + 5*u**4/24 + u**3/6 - 2*u**2. Determine h(s).
-3
Let z(d) be the first derivative of d**3/3 - 2*d**2 - 2*d + 9. Suppose -3*f = 117 - 129. Give z(f).
-2
Let s(z) = z**2 - 3*z + 1. Let x(k) = k**2 - 4*k + 1. Let a(c) = 6*s(c) - 4*x(c). Suppose 0 = -5*p + 5*w + 21 + 4, -4*p - 5*w - 7 = 0. Calculate a(p).
6
Let u(n) = -60*n + 14*n - 31 + 21*n + 23*n. Calculate u(-23).
15
Let b = 0 + 2. Let p(r) = r**3 - 3*r + 2*r**b - 5*r**2 + 5*r - 1. Let o be ((-9)/((-24)/8))/(2/((-20)/(-15))). What is p(o)?
-1
Let o(n) = -4*n**2 - 5*n - 26. Let y(q) = -2*q**2 - q. Let k(g) = -o(g) + 3*y(g). Let t(u) be the first derivative of k(u). Calculate t(-6).
26
Let b(p) = -p**2 - p + 1. Let t(v) = -16*v**3 - 2*v**2 - 2*v - 1. Let r be t(-1). Let k be 0 - r/(-3) - 0. Suppose 2 = -0*q + q, -k*d = 5*q. What is b(d)?
-1
Let s(g) be the second derivative of -21*g + 1/2*g**2 + 1 + 1/6*g**3. Give s(0).
1
Let z(p) be the second derivative of -p**3/2 - 61*p**2 - 552*p. Give z(-39).
-5
Let l(z) = 2*z**3 - z**2 + z. Let o(b) = 7*b**3 + 4*b**2 - 11*b + 4. Let g(s) = -4*l(s) + o(s). Give g(2).
-2
Let b(d) = -d**3 + 9*d**2 + d - 3. Let n be 6*(-8)/(-9) - ((-376)/24 + 17). What is b(n)?
81
Let w(o) = -9*o**2 + 2*o + 1. Let g = 70 - 152. Let q = g + 81. Determine w(q).
-10
Let d(a) = -20*a. Let n(r) = -r. Let w(z) = -d(z) + 25*n(z). Let t be 2 + 4805/(-15) + (-4)/6. Let v = t + 321. Determine w(v).
-10
Let z = -67 - -72. Let i(q) = q - 8. Let d be i(z). Let y = -3 + d. Let u(x) = -x**2 - 5*x + 3. Determine u(y).
-3
Let n(z) = -z + 2. Let g = 179 - 175. Let a be n(g). Let p(v) = 0 - 3*v**2 - 1 - 2 - 4*v. Determine p(a).
-7
Let f(c) = -c**2 + 11*c - 3. Let s(k) = 734*k - 4. Let y be s(1). Let p = y - 722. What is f(p)?
21
Let v(r) be the third derivative of r**4/24 + 2*r**3/3 - 7*r**2. Let k = 173 + -136. Suppose 5*d = 5*l - 25, 21*d = 16*d - l - k. Give v(d).
-3
Let a = 31549 - 31553. Let z(c) be the second derivative of -2*c**3/3 - 2*c**2 - 7*c. Determine z(a).
12
Let d = 5771 - 5766. Let b(u) = u**3 - 8*u**2 + 17*u - 3. What is b(d)?
7
Suppose -12*u + 2 = 50. Let t(z) = -5*z + 15. Let s(n) = -6*n + 16. Let m(r) = u*s(r) + 5*t(r). Calculate m(12).
-1
Let a be ((-18)/(-4) - 1)/(20/1000*25). Let m(s) = -4*s**2 + 28*s - 12. Calculate m(a).
-12
Let z(y) be the third derivative of y**4/12 + y**3/6 + 22*y**2. Suppose 0 = -x + 159 - 154. Give z(x).
11
Suppose -g + 0*x = 5*x - 16, -2*g + 5*x + 17 = 0. Let r(t) = -5 - g + 13 - t**2. Give r(0).
-3
Let j(b) be the first derivative of 1/3*b**3 - 9*b - 5/2*b**2 + 65. What is j(7)?
5
Let o(m) = 180*m**2 + 92 + 2*m**3 + 218*m**2 - 45*m - 586*m**2 + 281*m**2. Give o(-47).
-2
Let r be 134/(-670)*0/4. Let j(a) = a**3 + 2*a**2 + 2*a + 33. Give j(r).
33
Let j(b) = -2*b**3 - 18*b**2 + 20*b - 4. Suppose 20*q + 3*q + 168 = -62. Determine j(q).
-4
Let s = 8722 + -8713. Let b(z) = -7*z + 56. What is b(s)?
-7
Let a(r) = -14*r + 25. Let p(h) = -13*h - 9 + 37*h - 10*h - 9*h. Let b(i) = 6*a(i) + 17*p(i). Give b(7).
4
Suppose 0 = d - t - 3, 4*d = 2*t + 5 + 9. Suppose y - v = -1, 2*y - 17 = -2*y - 3*v. Let u(a) = -a**3 + a + 4*a**y + 5 + 6*a - 5*a. Determine u(d).
13
Let m = -26922 - -26918. Let q(y) = -y**2 - 9 + 0*y**2 - y - 5*y. Give q(m).
-1
Let f(s) = -4*s**3 - 6*s**2 - 5*s + 7. Let v be f(5). Let y be v/(-60) + (-2)/15. Let l = y - 11. Let p(i) = -i + 5. Calculate p(l).
5
Let l(p) = p**2 - p. Let t(i) = -4*i**2 + 7*i - 7. Let h(u) = 3*l(u) + t(u). Suppose -x + 3 = 0, 29 = -4*b + 2*x + 39. Calculate h(b).
-7
Let g(a) = -a**3 + 10*a**2 + 6. Suppose 0 = -j - 5*x - 234, 0*x - 3*x - 6 = 0. Let k = j + 234. Determine g(k).
6
Let u(t) = -2*t - 6. Suppose -5*b + 2*c = -226, 4*b = -0*b + 5*c + 191. Suppose 56 = -6*x + b. Give u(x).
-2
Let c(x) = x**2 + 50715*x - 50703*x - 86 + 61. Give c(-13).
-12
Let i(t) = -t**2 - 12*t - 1. Let m(n) = -64*n**2 - 60*n - 3. Let a(b) = -5*i(b) + m(b). Give a(1).
-57
Let b(o) = o**2 + o + 1. Let q = -317 - -318. Let x(k) = -5*k**2 - 10*k - 4. Let t(s) = q*x(s) + 6*b(s). Give t(5).
7
Let o(y) be the second derivative of y**5/20 + 5*y**4/12 - 5*y**3/3 + y**2/2 - 4763*y. Give o(-7).
-27
Let d(h) = -h - 4. Let v(y) = 5*y**2 + 17. Let z(b) = -5*d(b) - v(b). Give z(4).
-57
Let k(w) be the first derivative of -2*w**2 + w - 21. Let l(p) = 2*p - 31. Let z be l(14). Calculate k(z).
13
Let t(v) = 4*v**2 + 2*v - 1. Suppose x - 3*x = -40. Let w = 33 - x. Suppose 14*p = w*p - 2. What is t(p)?
11
Let o(g) be the third derivative of -g**6/120 + 2*g**5/15 - g**4/8 + 2*g**3/3 + 696*g**2. Give o(8).
-20
Let a = -544 + 550. Let i(h) = 9*h + 15. Let k(c) = 4*c - 1 + 3 + 5. Let d(q) = a*i(q) - 13*k(q). What is d(-2)?
-5
Suppose -k + 5*q = -15, -2*k - 3*q = -6*k + 26. Suppose -7 - k = -3*d. Let l(c) = -d*c - 4 + c + 2*c - c**2 + 1. Calculate l(-3).
-9
Suppose 5836 = 10*f + 5886. Let c(v) = -v + 4. Determine c(f).
9
Let p(o) = o**2 + 7*o + 7. Let i(l) = 13*l + 263. Let s be i(-20). Let z(c) = -3*c**2 + 7*c - 1. Let f be z(s). What is p(f)?
7
Let q be 0/(9 - (3 + 9) - (-2)/2). Let l(b) be the third derivative of -1/12*b**4 - 1/60*b**5 + q + 0*b - 1/3*b**3 - 13*b**2. Give l(-2).
-2
Let v(o) = 83 - 149*o**2 + 294*o**2 - 142*o**2 - 9*o - 74. Determine v(7).
93
Let z(u) = u**3 + 9*u**2 + 8*u + 8. Let h(x) = -2*x + 6. Let y(i) = 3*i - 26. Let q be y(11). Let d be h(q). What is z(d)?
8
Let w be (-5)/2 - 3/(-6). Let k(n) = 8*n**2 - 20*n - 4. Suppose -6 = 497*o - 500*o. Let c(l) = 2*l**2 - 6*l - 1. Let j(t) = o*k(t) - 7*c(t). Determine j(w).
3
Let u(z) = 2*z**3 + 30*z**2 - 129*z - 37. Let o(a) = -a**3 - 16*a**2 + 65*a + 20. Let j(x) = -11*o(x) - 6*u(x). Determine j(-10).
12
Let t(p) = -61*p - 86. Let f(k) = -131*k - 167. Let r(s) = -2*f(s) + 5*t(s). Determine r(-2).
-10
Let f(w) = 217*w - 4 + 212*w - 434*w + 0. Let k(v) = 2*v. Let u be k(-1). Calculate f(u).
6
Suppose -9*l + 6*l + 27 = 5*u, 0 = -4*l + 4*u + 4. Let p be 1*4*(l - 156/48). Let r(o) = 3*o - 5. Determine r(p).
4
Let b(l) = l**2 - l + 2. Let r(y) be the first derivative of -4*y**3/3 + 4*y**2 - 7*y - 7. Let k(o) = 5*b(o) + r(o). Give k(-5).
13
Suppose -4*k = -5*o + 628, -5*o + 343 = 4*k - 269. Let p = o - 118. Let j(q) = q**3 - 6*q**2 + 3*q - 4. Calculate j(p).
14
Let l(r) = -17*r + 600. Let o be l(36). Let p(j) = j + 26. Give p(o).
14
Let d(w) be the second derivative of 7*w**4/12 + 49*w**3/6 - w**2/2 - 3202*w. Determine d(-7).
-1
Let v(r) = 4*r**3 - r + 4*r**2 - 3*r**3 + 0*r**2 + 0*r**2. Let p(l) = 4*l + 4. Let j be p(-2). Calculate v(j).
4
Let p(s) = 17*s - 2*s - 2*s. Let z = 4569 + -4568. Determine p(z).
13
Let g be 12*7/(-4)*(-30)/70. Suppose 0 = g*z - z - 16. Suppose 0 = -v + 2*q - 5 + 1, 10 = z*q. Let f(p) = p**3 - 5*p**2 - 6*p - 1. Calculate f(v).
-1
Let a = 213 - 192. Suppose 0 = a*l - 30*l + 54. Let q(v) = v**3 - 7*v**2 + 3*v + 2. What is q(l)?
-16
Let d(p) = p**3 + 11*p**2 + 13*p + 6. Let x(r) = 31542 + 5*r - 2*r**2 + 79*r - 13*r - 31516. Let h be x(36). Calculate d(h).
-24
Let n = 58 - 43. Let l(q) = q. Suppose 4*o - 11 + 15 = 0. Let s(y) = 12*y + 3. Let z(g) = n*l(g) + o*s(g). Give z(3).
6
Suppose 12 = 3*i + i. Suppose k = -3*u - 2*k, -5*k = 4*u + i. Let d(o) = -4*o - 1 + 2*o + u - 4*o. Determine d(2).
-10
Let t = 418 - 410. Let x(k) = -2*k**2 + 14*k - 7. Calculate x(t).
-23
Let l(d) = d**3 - 36*d**2 + 179*d + 17. Suppose 270 = -582732*v + 582741*v. Determine l(v).
-13
Suppose 13*a = 15*a - m + 17, 0 = a - 3*m + 6. Let p(o) = -7*o + 3. Let w(x) = 6*x - 4. Let n(u) = 3*p(u) + 4*w(u). What is n(a)?
-34
Let c = -4626 + 18505/4. Let v(r) be the third derivative of 0 + 1/6*r**3 - 15*r**2 + c*r**4 - 1/60*r**5 + 0*r. What is v(4)?
9
Suppose -88*t - 2*l - 18 = -87*t, 0 = -5*l - 20. Let p(s) be the second derivative of s**4/12 + 5*s**3/3 - 7*s**2/2 - 19*s. Give p(t).
-7
Let q(o) be the first derivative of o**2 + 21*o - 240. What is q(-12)?